te (-112 - -118 - -112) + -60.
58
What is -5 + 5 - (-45 - 59 - -4)?
100
What is (2 - 36) + -174 + 204?
-4
What is 8 + -28 + 55 + -18 + 29?
46
3 - (24 - 5) - (-2 - 12) - (-2 + -44)
44
Calculate -168 + 43 - -26 - -36.
-63
(2 - 45) + (435 - 427)
-35
Calculate (36 - 150) + 139 - (48 - 1).
-22
-17 + 0 - (-51 - -45) - 20
-31
What is (-7 - 2) + 153 - -4 - (44 + (-32 - -3))?
133
What is 4 + -1 + -14 - (11 + -89 + 28)?
39
What is the value of -63 + 44 + 61 - 46?
-4
What is -47 + -22 + 36 + -17 + 1?
-49
Calculate 6 + -1 + 5 + -15 - (-89 - (9 + -8)).
85
What is the value of 24 - (37 + 28 + 5)?
-46
What is (-14 - (0 - 2)) + (145 - (-183 - -322)) + -34?
-40
What is -10 - 1 - (-1 + 15 - -13 - (-7 - -27))?
-18
1 + 8 - (4749 - 4726)
-14
What is the value of -1748 + 1746 + (15 - (0 + -2))?
15
Calculate -12 + -26 + 26 + -32 + 37.
-7
Evaluate (2 - 9) + (7 - 25 - -31) + -3 + 29.
32
What is the value of 1275 + -1283 - (3 + -1 + -4 + -1 + -83)?
78
Evaluate 1 + -45 + (2 - -1 - (42 + -42 + 6)).
-47
Evaluate (-36 - -16) + (27 - -3) - (-1 - (0 - 39)).
-28
Calculate 1 - 3 - (-10 + (-19 - -13 - 5)).
19
Calculate 19 + (-33 - (-7 + -26)) + 25.
44
What is 28 - 32 - (3 + -1) - (2 - 64 - -8)?
48
Evaluate -4 + 5 + -6 + -79 - ((-36 - -47) + -18).
-77
Calculate -25 + 15 + 8 + -3 + (1 - -9).
5
41 - (8 + -16 + -5 + 15)
39
Evaluate -29 + 25 - (-18 + 23 + -11).
2
Calculate 1 - -71 - 60 - 72.
-60
What is (17 - -4 - (163 + -100)) + -20?
-62
Evaluate 0 + 4 - (-1715 - -1697) - 123.
-101
Calculate -30 - -30 - (7 - 13 - (-4 + (0 - -27))).
29
What is 45 - (-4 + (19 + 1 - ((-19 - -52) + -24)))?
38
Calculate -2 + 15 - -6 - 5 - (86 + -1).
-71
What is (-1 - 1 - 27) + (-8 - 24 - -2) + 19?
-40
Evaluate (-28 - -1) + 64 + -62 + -11.
-36
Calculate 1 + 3 + -253 + 248 + -67 + 2.
-66
-2 + (14 - 9) - -12 - (142 - 65)
-62
320 + -165 + -125 - (0 - -69)
-39
What is 20 - (21 + -3 + -39 + 52)?
-11
Evaluate 73 + -3 - (2036 + -2016).
50
Evaluate (314 - (286 - 66)) + 2 + (0 - 21).
75
Evaluate 26 + (13 - 9) + -28.
2
Calculate 70 + (102 - (32 + 38)).
102
What is (-7 - -22 - 6 - -26) + (-8 - -13) + -6?
34
Evaluate 2 - -8 - (-21 - (2 + -4 + 4)).
33
What is the value of -138 + (-139 - (-299 - -33))?
-11
What is the value of (55 - 23) + -36 - -27?
23
-66 + (9 - 3) + (215 - 199)
-44
(31 - (3 - (0 + -8))) + -43 + -16
-39
(121 - 43) + -63 + -92
-77
Evaluate (-18 - (25 + -94)) + (-2 - (-5 - -1 - 1)).
54
What is (-130 - -9) + -9 + 878 + -878?
-130
What is 16 + -7 + -9 + 14 + 1?
15
What is 10 - (-15 + 17 + 11 + 12)?
-15
40 - ((2 - 1) + -7 + (-121 - -69) + 61)
37
What is the value of -60 - -3 - (9 + -3) - (809 + -801)?
-71
What is (17451 - 17494) + (0 + 3 - 14)?
-54
500 - 462 - (88 + -36)
-14
Calculate (68 - (2 - 1)) + (76 - 240) + 149.
52
What is 33 - (0 - -62) - (6 - -1) - (-6 - 1)?
-29
-10 + 23 + -64 + 41
-10
What is the value of -3 - (-34 + -1 + -3)?
35
Evaluate (-9 - 2) + 36 + -38 - (3 + -65).
49
What is the value of -8 + (4 - -10 - -44) - ((-5 - -6) + -1)?
50
31 + -213 + 170 - (-1 + 2 + -7 + 75)
-81
What is the value of 1 + -8 - (39 - 45) - -1 - 53?
-53
6 - (-22 + 54 - 28 - -85)
-83
What is the value of 47 + (35 + -37 - -18)?
63
Calculate (-1 + 1 - 3) + (19 - (40 - 50 - -6)).
20
What is the value of 34 - (-13 + 14) - (0 - 19 - -10)?
42
46 - (54 - (73 + -28))
37
Calculate 126 + 13 + -70 - 149.
-80
What is -59 + (-35 - 12) - (-4 + 0 - -22)?
-124
What is the value of 48 - (-2 - -28 - (-212 - -221))?
31
What is the value of (-1167 - -1232) + 5 + -1?
69
Calculate -52 - (9 + -5 - (13 + -11) - 0) - 9.
-63
-4 + 0 - (47 + (27 - -3 - (5 - -13)))
-63
15 + (-15 - 25) + -1 + -1 + 6
-21
-5 + -16 - (22 - -52) - (10 - 0)
-105
14 + -9 + 4 + -6 + 11 + 32
46
What is -85 - (25 + -31 + -47 + 30)?
-62
What is the value of (8 + -7 + -12 + 16 - 60) + 3?
-52
Evaluate 76 - ((17 + 7 + -11 - -6) + -35).
92
What is -1 + -2 + 6 - (90 + -175 + 65)?
23
40 - 48 - -110 - 56
46
What is the value of -2 - (-95 + 24 + -32 + 19)?
82
What is 12 + -57 - (-1 + 10 + -10 + 8)?
-52
What is the value of -16 - ((-65 - -11) + 20 - (-5 - -17))?
30
Evaluate 24 + 7 + -6 + 6 + -28.
3
25 + -13 + -64 - -50
-2
Calculate (10 - -3) + -2 + -2 - (76 - -3).
-70
Calculate (19 + -8 - (3 + 7)) + 0 - 7.
-6
What is the value of 48 - (81 - (48 - 32))?
-17
What is the value of 810 + -834 - ((3 - 3) + 7)?
-31
Evaluate -13 + (-14 + 8 - -5) + -18 + -8.
-40
93 - 37 - ((2 - 2) + 7)
49
Evaluate -1 + -2 - ((-1 - -24) + -16 + 29).
-39
What is -20 - (18 + 44) - (-4 - -9) - (-2 - 1)?
-84
-18 + (15 - (-13 + (22 - -15)))
-27
Calculate 16 + -20 + 16 + 111 + 12 + -1 + -4.
130
Evaluate (-1060 - -1067) + 5 + (74 - 5).
81
24 + 85 + -109 + -106
-106
1 - (85 - -3) - (224 + -146 - 72)
-93
What is -74 - (7 - (20 + 44))?
-17
Calculate 99 + 6 + -1 + (-39 - 25) + 60.
100
What is the value of -32 + 2 + (-1 - -11) + (-75 - -152)?
57
What is the value of 1 + (4 - 6) + 0 - (23 - 26) - -35?
37
What is (-20 + 83 - 21) + (-8 - 31)?
3
What is the value of 10 - (-90 - -2 - ((-5 - 1) + (11 - 19)))?
84
What is 49 + 68 - 104 - 141?
-128
Evaluate (-1 - 45) + (-82 + 9 - (227 - 282)).
-64
What is 73 + 69 + -5 + -178?
-41
What is the value of 41 - (31 + (-37 - 1 - (-119 + 101)))?
30
What is 2 + 0 - (-54 - -44) - (42 - -15)?
-45
Calculate (-136 - -118 - -34) + -5 + 2.
13
Evaluate 42 + (-14 - 13) - (7 - 2 - 58).
68
Evaluate -3 + (24 - -4) + 8 + -47.
-14
Evaluate 51 + (-36 - ((-34 - -12) + 5)).
32
Evaluate -104 + (-24 - (-16 + (13 - 36))).
-89
What is 22 + (1 - (5 + (-1 - -3) + -18))?
34
Calculate -13 - (10 - 84) - -54.
115
Calculate -1 + -2 + (1909 - 1925).
-19
-1 - (80 + -113) - (65 + 3)
-36
Evaluate 6 - (-68 + (5 - 24)).
93
Evaluate 2 + 113 + (-10 - (2 + 12)).
91
What is the value of (1 - (-67 - -95)) + -17?
-44
(0 - 7) + -10 + -88 + 90
-15
Calculate -2 + 32 - (-4 - (0 + -14 + 2 + 15)).
37
Calculate -45 - (-135 + (21 - -9) + 12).
48
Evaluate (-1 - -38) + (962 + -961 - (4 - 20)).
54
What is -64 + (-69 - -122) + -51?
-62
What is -1 - -4 - (20 + -98 + (9 - 8) + 7)?
73
Evaluate 3 - -33 - (-92 - -74).
54
What is the value of 12 - (18 - 30) - (44 + -102)?
82
Evaluate (1 - 31) + (-24 - -24) - (-34 + -1 + 19).
-14
(-103 - (-114 + 45)) + -34
-68
What is the value of 49 - -1 - (479 - 505)?
76
What is -54 - (-75 + 78 - (-10 - 5 - -6))?
-66
What is the value of -28 + -1 - (-88 + 93)?
-34
Evaluate -31 + 44 + -5 + 5 + (-28 - 2) + -3.
-20
What is (-51 - -2) + (-414 - -446) - -24?
7
What is 2 + (-3 - -6 - -3) + -12 + -40?
-44
1 + (-4 - -10) + (-48 - -55) + (-3 - -1)
12
What is the value of -34 + -7 - (-42 - (-43 + 176))?
134
What is the value of (-45 - 5) + -18 + (8 - 9) + -11 + 16?
-64
What is the value of -1 - (-60 + 13 + 1) - (4 - (-5 + 1))?
37
What is -20 + 12 + (-6 + 13 + -3 - 28) - 2?
-34
What is 15 - (23 + (-24 - 15) - -18)?
13
What is (-17 - -3) + 137 + -107 + 1 + 2?
19
What is (-11 + 0 - (22 + -5 - 6)) + -13?
-35
Evaluate 65 - (75 - 36) - 1.
25
What is -1 - (1 + 7 + -14 + (10 - -2) - 4)?
-3
What is the value of (-18 - -12) + (21 - 164) - -32?
-117
-78 + (-5 + 43 - -8)
-32
Calculate (1 - (13 + -9)) + (-9 - -53) - (-5 - -4).
42
737 + -833 + 38 + 5
-53
What is the value of -42 + (-19 - -60) - -33?
32
Evaluate -73 - (-64 - -24) - -59.
26
Calculate 90 + -64 + 44 - 16.
54
What is the value of (-26 - 2) + 3 - (113 + -26 - 103)?
-9
-81 + 60 - -112 - 59
32
150 + -103 - (4 - -2 - -26)
15
What is the value of (-21 - (9 + -48)) + -38?
-20
Calculate 6 + (65 - 87) + -47 + 11 + -2.
-54
What is the value of -128 - (-42 + 1 + (-149 - -145))?
-83
Evaluate 1773 + -1803 - (-5 + 0).
-25
Calculate 23 - -9 - (21 + -132 - 4).
147
Calculate (-9 - (-2 - -2)) + (38 - 160 - -122) + 7.
-2
What is (-1 - -9) + (22 - -24 - 28)?
26
Calculate (1 + -1 - -9) + (28 - -19 - 2 - 35).
19
-176 - -60 - (7 - 66)
-57
What is the value of -23 + 0 + 16 - (2 + -34)?
25
What is the value of -3 - ((12 - 6) + -7) - -3 - (10 + -78)?
69
Evaluate 24 - (15 + (-6 - (41 + -23))).
33
Calculate 7 + 4 + (5 - 9) + (0 - 16 - 22).
-31
What is the value of -17 + -36 - -42 - 39?
-50
Evaluate -5 + 9 + 8 + (-795 - -758).
-25
Evaluate -8 + (-40 + 17 - -25).
-6
-2 + 42 + -40 - 8 - -16
8
34 - 139 - (-96 + -42)
33
What is (-5 - -133) + 61 - (4 + 40)?
145
What is -1 - (-2 + 25 + (-307 - -291))?
-8
Calculate -38 + 5 + -13 - (9 + -17).
-38
Evaluate -140 + (142 + -174 - -88).
-84
Evaluate 35 + 7 